3302
Convert 1035e (base 15) to base 12.
258a5
Convert -33344 (base 6) to base 9.
-6361
What is -410 (base 6) in base 10?
-150
What is -41166 (base 8) in base 2?
-100001001110110
Convert 9a4a (base 16) to base 10.
39498
37683 (base 10) to base 2
1001001100110011
Convert -24b (base 15) to base 3.
-201022
Convert -122110220 (base 3) to base 2.
-11000111000101
What is 55304 (base 6) in base 7?
31240
Convert 86 (base 14) to base 4.
1312
What is -12242 (base 5) in base 6?
-4215
What is -149 (base 15) in base 12?
-206
77bb (base 15) to base 4
12030200
-40 (base 11) to base 7
-62
Convert 3026 (base 10) to base 3.
11011002
Convert -1366 (base 7) to base 11.
-44a
-71 (base 10) to base 9
-78
Convert -4211 (base 5) to base 16.
-22c
Convert 1874 (base 11) to base 2.
100101001100
-1260 (base 12) to base 9
-2770
What is 17a6 (base 13) in base 9?
4736
What is -4a48 (base 14) in base 6?
-140104
Convert 26401 (base 10) to base 13.
c02b
-542 (base 14) to base 16
-40e
What is 682 (base 9) in base 3?
202202
-13aa (base 15) to base 11
-3188
What is -146260 (base 7) in base 8?
-67701
-503 (base 7) to base 5
-1443
27520 (base 8) to base 7
50212
What is -5460 (base 9) in base 11?
-3028
3006 (base 15) to base 7
41352
1b9 (base 14) to base 4
11213
-1781 (base 15) to base 16
-13cf
What is 2702 (base 8) in base 4?
113002
What is -4104 (base 7) in base 10?
-1425
What is 60 (base 9) in base 15?
39
What is -505b (base 14) in base 6?
-143521
What is -46142 (base 8) in base 10?
-19554
What is 300235 (base 6) in base 7?
125201
123 (base 9) to base 5
402
-38523 (base 9) to base 10
-25941
-45 (base 13) to base 7
-111
What is 3845 (base 9) in base 2?
101100111100
What is -323031 (base 4) in base 12?
-2239
-12800 (base 9) to base 2
-10000111011011
-13b (base 15) to base 14
-161
-96a1 (base 14) to base 12
-13079
-27d (base 14) to base 11
-418
Convert 199e (base 15) to base 4.
1112231
143 (base 5) to base 3
1210
1a700 (base 14) to base 15
14dbd
What is 111113 (base 4) in base 14?
6d9
1121100 (base 3) to base 16
492
What is -15086 (base 12) in base 8?
-71446
What is -b8c8 (base 15) in base 4?
-21203021
Convert -1011222 (base 3) to base 5.
-11423
Convert -6019 (base 10) to base 4.
-1132003
What is -12bd (base 14) in base 6?
-23143
What is -8099 (base 13) in base 12?
-a2b2
-97a (base 11) to base 9
-1546
What is -51042 (base 6) in base 11?
-5061
What is 1133 (base 8) in base 15?
2a3
What is 660 (base 8) in base 3?
121000
Convert -21 (base 13) to base 10.
-27
What is -64a (base 11) in base 13?
-480
Convert -20012122 (base 3) to base 11.
-3445
What is 13121102 (base 4) in base 15?
8e95
-1526 (base 15) to base 3
-20020000
Convert 1222012000 (base 3) to base 13.
14856
Convert -43245 (base 6) to base 7.
-23204
Convert 283 (base 16) to base 13.
3a6
What is 849 (base 13) in base 10?
1413
11202112 (base 3) to base 5
102340
Convert 3610 (base 14) to base 3.
110220222
12471 (base 8) to base 12
3189
Convert 1114 (base 5) to base 12.
113
Convert -1185 (base 16) to base 13.
-2070
Convert -1245 (base 6) to base 15.
-162
Convert 6241 (base 10) to base 2.
1100001100001
What is 20313 (base 4) in base 2?
1000110111
Convert -119c2 (base 13) to base 8.
-77265
2340 (base 5) to base 11
294
Convert 10000100010 (base 2) to base 4.
100202
What is -100554 (base 6) in base 13?
-3838
Convert ac (base 13) to base 6.
354
-540 (base 15) to base 7
-3312
Convert -121321 (base 7) to base 5.
-1201424
Convert -111012101 (base 3) to base 7.
-40024
What is -2a3 (base 13) in base 8?
-727
1345 (base 7) to base 6
2231
1041 (base 8) to base 6
2305
What is 149 (base 14) in base 7?
522
19b4 (base 13) to base 4
330121
What is 50d (base 15) in base 10?
1138
What is 137 (base 14) in base 3?
100002
111011 (base 3) to base 4
11203
What is -24302 (base 8) in base 3?
-112022110
What is 428 (base 10) in base 6?
1552
What is -12303 (base 5) in base 10?
-953
What is 2010111 (base 3) in base 11?
1191
Convert c66 (base 13) to base 15.
95c
1a23 (base 16) to base 8
15043
Convert -110011100011 (base 2) to base 6.
-23135
13003212 (base 4) to base 8
70346
-5a25 (base 11) to base 4
-1323110
Convert 311 (base 6) to base 5.
430
-101111 (base 3) to base 9
-344
17254 (base 9) to base 12
6a57
What is 3134 (base 7) in base 12?
77b
Convert 55c7 (base 15) to base 4.
10130023
What is 1011000110010 (base 2) in base 14?
20dc
Convert 4515 (base 7) to base 13.
984
Convert -337 (base 8) to base 12.
-167
-230 (base 6) to base 13
-6c
525 (base 6) to base 14
101
-5935 (base 10) to base 16
-172f
765 (base 10) to base 11
636
Convert -34214 (base 5) to base 12.
-14aa
What is -355334 (base 6) in base 12?
-15b4a
What is -32636 (base 7) in base 16?
-2012
58d0 (base 15) to base 16
49b6
39221 (base 11) to base 4
31231213
What is 917 (base 10) in base 3?
1020222
-34142 (base 8) to base 4
-3201202
Convert -118 (base 16) to base 11.
-235
Convert -1001f (base 16) to base 4.
-100000133
Convert -564 (base 14) to base 5.
-13233
-67b7 (base 12) to base 11
-8719
What is 6cb (base 15) in base 6?
11045
313 (base 13) to base 4
20023
What is 27b (base 14) in base 7?
1314
Convert 2774 (base 12) to base 16.
11c8
Convert 1ea (base 16) to base 4.
13222
What is -2662 (base 8) in base 4?
-112302
Convert 11c1 (base 13) to base 16.
9db
-589 (base 16) to base 7
-4063
What is 11a57 (base 13) in base 5?
2020040
Convert -11100011110 (base 2) to base 14.
-942
-159 (base 10) to base 6
-423
Convert -212023 (base 4) to base 6.
-15151
Convert -9b (base 16) to base 15.
-a5
-21220220 (base 3) to base 12
-3413
What is 19 (base 11) in base 15?
15
Convert 1180 (base 10) to base 4.
102130
120112021 (base 3) to base 13
51ca
Convert -102101201 (base 3) to base 16.
-2074
Convert 24c (base 14) to base 4.
13030
What is 10000101001011 (base 2) in base 6?
103243
27833 (base 9) to base 7
106053
4176 (base 8) to base 11
16a7
1001011010001100 (base 2) to base 5
2213130
-11476 (base 11) to base 6
-204323
What is -1374 (base 8) in base 9?
-1038
What is 26 (base 7) in base 10?
20
What is -4906 (base 13) in base 4?
-2201023
What is -74e (base 16) in base 5?
-24440
What is -3e89 (base 15) in base 14?
-4c56
Convert 1001101011110100 (base 2) to base 12.
1ab58
-5a1 (base 12) to base 11
-6a5
Convert 1111101110110 (base 2) to base 13.
3887
What is 1151 (base 9) in base 4?
31120
Convert -1052 (base 12) to base 11.
-1388
What is -1787 (base 10) in base 15?
-7e2
Convert 429 (base 10) to base 15.
1d9
What is -3100 (base 7) in base 5?
-13303
Convert 4514 (base 6) to base 7.
3034
Convert -2130 (base 6) to base 2.
-111100110
-1101111100101001 (base 2) to base 12
-29089
3310 (base 4) to base 2
11110100
What is 110110001 (base 2) in base 6?
2001
Convert -2a9 (base 14) to base 4.
-20131
-102211000 (base 3) to base 7
-34053
Convert -51535 (base 7) to base 12.
-7377
Convert 13219 (base 10) to base 15.
3db4
-101111 (base 4) to base 11
-919
What is 11110011110 (base 2) in base 10?
1950
36573 (base 8) to base 9
23527
14a6 (base 12) to base 5
34210
-7462 (base 11) to base 12
-5865
-b61 (base 14) to base 9
-3060
-23523 (base 8) to base 2
-10011101010011
512a (base 12) to base 3
110002121
What is 1111110010100 (base 2) in base 11?
608a
Convert -13014 (base 7) to base 14.
-137b
-b4a6 (base 13) to base 14
-9163
What is -153505 (base 6) in base 11?
-10378
4b (base 12) to base 9
65
4818 (base 12) to base 6
101232
What is 3314 (base 6) in base 3?
1001101
-391 (base 10) to base 7
-1066
Convert 12322213 (base 4) to base 7.
145405
-14d1 (base 14) to base 2
-111001111111
Convert 2a542 (base 13) to base 5.
10024431
Convert 155654 (base 7) to base 4.
13202030
Convert 124041 (base 6) to base 10.
11257
Convert 1cb (base 15) to base 13.
260
-122030 (base 4) to base 12
-b78
What is 777b (base 16) in base 3?
1112221212
Convert -1001010111001111 (base 2) to base 6.
-453315
What is 169a (base 13) in base 9?
4518
What is 13212 (base 4) in base 5?
3421
-2a7 (base 12) to base 5
-3130
What is -100101000110 (base 2) in base 12?
-145a
-3ca7 (base 14) to base 16
-29eb
What is -29aa3 (base 11) in base 12?
-20788
What is -14125 (base 7) in base 11?
-2982
Convert 12887 (base 10) to base 2.
11001001010111
Convert -755 (base 9) to base 5.
-4432
Convert -60614 (base 7) to base 9.
-22155
What is 2270 (base 13) in base 7?
20030
What is 322031 (base 4) in base 6?
25125
Con